 + -1211?
11101222220
In base 15, what is -cb - 306?
-3d2
In base 2, what is 10 - 1010100011111?
-1010100011101
In base 7, what is 26152 - 60?
26062
In base 7, what is 13333 + 16?
13352
In base 11, what is 1724 - -2265?
3989
In base 9, what is 422 - -103?
525
In base 11, what is 14106 - -2?
14108
In base 2, what is 11 - 101000011010?
-101000010111
In base 12, what is -246 + a9?
-159
In base 3, what is -10120 - -121211021?
121200201
In base 7, what is -433420 - 2?
-433422
In base 3, what is 12 + 121010010022?
121010010111
In base 6, what is 2120 + -22?
2054
In base 7, what is 22660222 + -1?
22660221
In base 11, what is -27493 + -5?
-27498
In base 4, what is 2 + 1102021330?
1102021332
In base 5, what is 2042 + -311?
1231
In base 2, what is -1001 - 1111001011001?
-1111001100010
In base 4, what is 2013 - -13003?
21022
In base 9, what is -17171 - -32?
-17138
In base 9, what is -112 + 2515?
2403
In base 6, what is -3423 + 2?
-3421
In base 3, what is 1000002 + -21020022?
-20020020
In base 7, what is 4 + -2244064?
-2244060
In base 12, what is -5 - 22971?
-22976
In base 6, what is -1 - 34254011?
-34254012
In base 14, what is -4 + -3a182?
-3a186
In base 6, what is 2004 - 10230?
-4222
In base 9, what is -3063 - -4?
-3058
In base 11, what is 1 - -928095?
928096
In base 7, what is -321333 + -4?
-321340
In base 3, what is -1 + 202121020?
202121012
In base 11, what is 12 - -a1457?
a1469
In base 10, what is 3 + -110448?
-110445
In base 16, what is -810 + -2?
-812
In base 7, what is 0 - -16265513?
16265513
In base 2, what is 1 - 1101110100011111?
-1101110100011110
In base 7, what is -426542 + 2?
-426540
In base 8, what is 4 - -204030?
204034
In base 8, what is -1 - -6006740?
6006737
In base 13, what is b98 - -2a?
bc5
In base 14, what is 5 + -1456c?
-14567
In base 5, what is 302113 + 143?
302311
In base 11, what is -232 - -717a?
6a48
In base 10, what is -95 - 2711?
-2806
In base 4, what is 210 + 32332?
33202
In base 9, what is 1567 - -73?
1651
In base 6, what is 141 - -23231?
23412
In base 5, what is 2 + -2331301?
-2331244
In base 6, what is 230 - -1203?
1433
In base 2, what is -101 - 10100010110000001?
-10100010110000110
In base 5, what is 33331120 - 21?
33331044
In base 16, what is 24246 - 1?
24245
In base 11, what is -93 + 1a262?
1a17a
In base 11, what is -393239 - -1?
-393238
In base 11, what is -1706 + 24a?
-1467
In base 9, what is -63 - 1628?
-1702
In base 5, what is -3200 + -11300?
-20000
In base 3, what is 10012021 + 212?
10020010
In base 6, what is 1121 - -1241?
2402
In base 2, what is 101001000111 + -101101?
101000011010
In base 12, what is 608a + -1?
6089
In base 2, what is -10111100000001111 - 100?
-10111100000010011
In base 14, what is b283 - 0?
b283
In base 5, what is 4 - -211443231?
211443240
In base 7, what is -6156163 - 13?
-6156206
In base 13, what is -b45 + -35?
-b7a
In base 16, what is -15a99b - -5?
-15a996
In base 16, what is 11 + -29?
-18
In base 15, what is -11 + -e14?
-e25
In base 13, what is 362 + -95?
29a
In base 11, what is 5 - -187a?
1884
In base 11, what is 45a + -167?
2a3
In base 16, what is 4c642 + -2?
4c640
In base 5, what is 4 + -23123?
-23114
In base 16, what is -25e + -34?
-292
In base 4, what is 310312133 + -3?
310312130
In base 5, what is -44404 - -14?
-44340
In base 8, what is -35660 + -2?
-35662
In base 13, what is 9b + 49cb?
4a99
In base 3, what is 1000110 + 112122?
1120002
In base 3, what is 212100 + 2202?
222002
In base 6, what is -3 + 110015502?
110015455
In base 15, what is -5 + 118123?
11811d
In base 4, what is 32 - -222013?
222111
In base 15, what is -29 - -1206?
11cc
In base 6, what is 45424 + -251?
45133
In base 6, what is 2313334 + 0?
2313334
In base 11, what is -40 - -52?
12
In base 14, what is -773d - 5?
-7744
In base 6, what is -2224422 - 12?
-2224434
In base 5, what is -1111 + 1240?
124
In base 3, what is -2 + -11210210112?
-11210210121
In base 16, what is -ef - -7b5?
6c6
In base 5, what is 21 - -111234?
111310
In base 9, what is 4167 - -26?
4204
In base 14, what is -7bc2 + 19?
-7ba7
In base 13, what is -3 + -3033?
-3036
In base 13, what is -1856 - 1a?
-1873
In base 4, what is -3213001 + 0?
-3213001
In base 8, what is -2 + 3730?
3726
In base 2, what is 10001010 + 111010000111?
111100010001
In base 13, what is -ca - -272?
175
In base 13, what is -3 - -5815?
5812
In base 5, what is -14243302 - 1?
-14243303
In base 6, what is -23 - -13242?
13215
In base 5, what is -10 + -3420331?
-3420341
In base 7, what is 2 - -35156?
35161
In base 5, what is 400 - 10121?
-4221
In base 16, what is -cb3 - 85?
-d38
In base 8, what is 5145 + 40?
5205
In base 14, what is -32bc - -8?
-32b4
In base 6, what is -151 + 4354?
4203
In base 14, what is -19946 - 15?
-1995b
In base 10, what is -5 + -26116?
-26121
In base 9, what is -74 + 657?
573
In base 8, what is -24 + -32?
-56
In base 16, what is 2 - 97f?
-97d
In base 13, what is -7 - -521a?
5213
In base 10, what is 20667 + 139?
20806
In base 6, what is -155152 - -11?
-155141
In base 5, what is 2204 + 12024?
14233
In base 2, what is -110 + 101111100?
101110110
In base 8, what is 403533 + -4?
403527
In base 14, what is 19b + 213?
3b0
In base 2, what is -11101110111111011011 + -1?
-11101110111111011100
In base 11, what is 20 - 881?
-861
In base 7, what is 5 - 1146115?
-1146110
In base 11, what is 5a1 - -49?
63a
In base 7, what is 1 + 364643?
364644
In base 10, what is -852 + -93?
-945
In base 10, what is -13511 - -3?
-13508
In base 16, what is -c7 - 56f?
-636
In base 11, what is 4 - 1299a0?
-129997
In base 3, what is 22210 - 100201?
-221
In base 6, what is -34 + 32341?
32303
In base 4, what is 21001201 - -11?
21001212
In base 14, what is -192021 - 5?
-192026
In base 14, what is -86c89 + 0?
-86c89
In base 4, what is -322003 + 3?
-322000
In base 9, what is 0 + -253?
-253
In base 9, what is -67412 + 10?
-67402
In base 7, what is -51331623 - 0?
-51331623
In base 4, what is -1303303 - 21?
-1303330
In base 6, what is 205 - -4554?
5203
In base 5, what is 13011131 + -1?
13011130
In base 3, what is 10121212121 - -112?
10121220010
In base 6, what is -24221403 - -1?
-24221402
In base 9, what is 1287 - 21?
1266
In base 7, what is 3656 - 116?
3540
In base 10, what is -20207 - -4?
-20203
In base 6, what is -14335 + -5?
-14344
In base 8, what is 10 + -16100?
-16070
In base 9, what is -1 + 60388?
60387
In base 4, what is 20 - 1121021101?
-1121021021
In base 2, what is -1 - 10110110011001?
-10110110011010
In base 2, what is 101110100011 - 11010101?
101011001110
In base 3, what is 221211220 - 12?
221211201
In base 11, what is -8328 - 9?
-8336
In base 10, what is -543 - -598?
55
In base 4, what is 2301222 + -220?
2301002
In base 5, what is -10 + 22220?
22210
In base 13, what is -cb - -33?
-98
In base 9, what is 535 - -410?
1045
In base 15, what is 1be - 77?
147
In base 5, what is 141 - 103312?
-103121
In base 10, what is 771 - 2093?
-1322
In base 16, what is -5a8 + -3c9?
-971
In base 8, what is 2 + 74113?
74115
In base 16, what is 2 + -51c21?
-51c1f
In base 12, what is 122 + 14a8?
160a
In base 5, what is -123 - -2433340?
2433212
In base 14, what is 1b - -4da1?
4dbc
In base 11, what is -7 - 2955?
-2961
In base 10, what is 4289 + -113?
4176
In base 12, what is 38 - 12?
26
In base 7, what is -10 - 2503366?
-2503406
In base 3, what is 12 + -1122010?
-1121221
In base 13, what is -529157 - 3?
-52915a
In base 13, what is -1 + bcb27?
bcb26
In base 10, what is -449 - 2231?
-2680
In base 3, what is -112 + -1010202?
-1011021
In base 3, what is 1210 - 2022?
-112
In base 12, what is 1347b9 - -3?
134800
In base 5, what is 1331 - 1203?
123
In base 15, what is 1 + 33b9?
33ba
In base 10, what is 28596 - 39?
28557
In base 2, what is -100100011010 + -100000?
-100100111010
In base 14, what is -2 + 5393?
5391
In base 15, what is -b015 - -3?
-b012
In base 2, what is 10100110011111010 + -11?
10100110011110111
In base 3, what is 0 - -202001212?
202001212
In base 16, what is 2a3 + -41?
262
In base 4, what is 112 - -311100?
311212
In base 5, what is 13303 - -1301?
20104
In base 9, what is 13 + -10101?
-10077
In base 11, what is 19a82 - -1?
19a83
In base 2, what is 11011001 + 1001101?
100100110
In base 5, what is 10 - -223124402?
223124412
In base 12, what is 252197 + -4?
252193
In base 14, what is 8 - -45ba9?
45bb3
In base 13, wh